{"id":492,"date":"2020-02-05T11:24:40","date_gmt":"2020-02-05T14:24:40","guid":{"rendered":"http:\/\/10.101.10.196\/www\/?page_id=492"},"modified":"2020-02-05T11:24:40","modified_gmt":"2020-02-05T14:24:40","slug":"historia","status":"publish","type":"page","link":"https:\/\/www.fica.unsl.edu.ar\/index.php\/historia\/","title":{"rendered":"Historia"},"content":{"rendered":"\t\t<div data-elementor-type=\"wp-page\" data-elementor-id=\"492\" class=\"elementor elementor-492\">\n\t\t\t\t\t\t<section class=\"elementor-section elementor-top-section elementor-element elementor-element-42345ef7 elementor-section-boxed elementor-section-height-default elementor-section-height-default\" data-id=\"42345ef7\" data-element_type=\"section\" data-e-type=\"section\">\n\t\t\t\t\t\t<div class=\"elementor-container elementor-column-gap-default\">\n\t\t\t\t\t<div class=\"elementor-column elementor-col-100 elementor-top-column elementor-element elementor-element-37186291\" data-id=\"37186291\" data-element_type=\"column\" data-e-type=\"column\">\n\t\t\t<div class=\"elementor-widget-wrap elementor-element-populated\">\n\t\t\t\t\t\t<div class=\"elementor-element elementor-element-bcbc291 elementor-align-left elementor-widget elementor-widget-button\" data-id=\"bcbc291\" data-element_type=\"widget\" data-e-type=\"widget\" data-widget_type=\"button.default\">\n\t\t\t\t<div class=\"elementor-widget-container\">\n\t\t\t\t\t\t\t\t\t<div class=\"elementor-button-wrapper\">\n\t\t\t\t\t<a class=\"elementor-button elementor-button-link elementor-size-sm\" href=\"#\">\n\t\t\t\t\t\t<span class=\"elementor-button-content-wrapper\">\n\t\t\t\t\t\t\t\t\t<span class=\"elementor-button-text\">HISTORIA DE LA FACULTAD<\/span>\n\t\t\t\t\t<\/span>\n\t\t\t\t\t<\/a>\n\t\t\t\t<\/div>\n\t\t\t\t\t\t\t\t<\/div>\n\t\t\t\t<\/div>\n\t\t\t\t<div class=\"elementor-element elementor-element-65eedabc elementor-widget elementor-widget-text-editor\" data-id=\"65eedabc\" data-element_type=\"widget\" data-e-type=\"widget\" data-widget_type=\"text-editor.default\">\n\t\t\t\t<div class=\"elementor-widget-container\">\n\t\t\t\t\t\t\t\t\t<p><span style=\"text-align: justify;\">La Facultad de Ingenier\u00eda y Ciencias Agropecuarias (FICA) est\u00e1 situada en la Ciudad de Villa Mercedes, al igual que la Facultad de Ciencias Econ\u00f3micas, Jur\u00eddicas y Sociales (FCEJS), distantes aproximadamente a 90 km de la ciudad Capital de San Luis, en donde se encuentra la sede del Rectorado de la Universidad Nacional de San Luis (UNSL) y cinco Facultades (Facultad de Qu\u00edmica, Bioqu\u00edmica y Farmacia \u2013FQByF\u2013, Facultad de Ciencias Humanas \u2013FCH\u2013, Facultad de Ciencias F\u00edsico, Matem\u00e1ticas y Naturales \u2013FCFMyN\u2013, Facultad de Ciencias de la Salud y Facultad de Psicolog\u00eda -FaPsi), y a 180 km de la sede de la octava Unidad Acad\u00e9mica, la Facultad de Turismo y Urbanismo \u2013FTU\u2013, en la Villa de Merlo.<\/span><\/p>\n<p style=\"text-align: justify;\">La FICA fue precedida por la Facultad de Ingenier\u00eda y Ciencias Econ\u00f3mico-Sociales (FICES), en cuya creaci\u00f3n hubo una fuerte participaci\u00f3n de la comunidad de Villa Mercedes que promovi\u00f3 la creaci\u00f3n de un centro universitario, la que se efectiviz\u00f3 al crearse -por Ley N\u00ba 20.365\/73- la Universidad Nacional de San Luis, el 10 de mayo de 1973. Esta Universidad fue creada sobre la base de las Facultades de Ciencias F\u00edsico-Qu\u00edmica- Matem\u00e1tica y de Pedagog\u00eda y Psicolog\u00eda, de la Universidad Nacional de Cuyo que ten\u00edan sede en San Luis. En Villa Mercedes, en 1974 comenz\u00f3 a funcionar la Facultad de Ingenier\u00eda y Administraci\u00f3n (FIA), en ese momento organizada bajo sistema Departamental (que explica hoy la heterogeneidad de carreras que se dictan en esta sede), se orient\u00f3 a ofrecer carreras con perfil tecnol\u00f3gico para la regi\u00f3n semi\u00e1rida y carreras de Ciencias Sociales y Administraci\u00f3n.<\/p>\n<p style=\"text-align: justify;\">La Facultad de Ingenier\u00eda y Administraci\u00f3n inici\u00f3 sus actividades en distintos inmuebles facilitados por particulares e instituciones del medio. En el a\u00f1o 1975 se inauguraron las instalaciones en lo que se llam\u00f3 Complejo Universitario de Villa Mercedes, en el predio ubicado en la Ruta Nacional 148 extremo Norte (hoy edificio de Ciencias Agropecuarias), el que no reun\u00eda muchas comodidades para la realizaci\u00f3n de las actividades acad\u00e9micas, con el agravante de los problemas de traslado de estudiantes ocasionados por la falta, en ese entonces, de medios de movilidad p\u00fablicos. En el segundo cuatrimestre de 1976 se trasladaron al ex-Hospital San Roque la mayor parte de las actividades acad\u00e9micas y todas las administrativas (actualmente sede del Decanato).<\/p>\n<p style=\"text-align: justify;\">En esta primera etapa, la&nbsp;<span style=\"font-family: Roboto, sans-serif;\">FICES&nbsp;<\/span>ofreci\u00f3 5 carreras:&nbsp;<strong>Licenciatura en Administraci\u00f3n&nbsp;<\/strong>con dos especializaciones:&nbsp;<strong>de Empresas y P\u00fablica<\/strong>,<strong>&nbsp;Ingenier\u00eda Agron\u00f3mica<\/strong>,<strong>&nbsp;Ingenier\u00eda Qu\u00edmica<\/strong>,&nbsp;<strong>Ingenier\u00eda Electromec\u00e1nica<\/strong>&nbsp;y&nbsp;<strong>Licenciatura en Trabajo Social.<\/strong><\/p>\n<p style=\"text-align: justify;\">En 1976, cuando se produce el golpe militar y las Universidades fueron intervenidas, la UNSL no escap\u00f3 a tal situaci\u00f3n. Se cerr\u00f3 la carrera de Licenciatura en Trabajo Social por ser de \u201c\u00edndole subversiva\u201d, carrera que se reabre con el advenimiento de la democracia en 1984.<\/p>\n<p style=\"text-align: justify;\">En 1988 se crea la Carrera de&nbsp;<strong>Ingenier\u00eda Electricista Electr\u00f3nica<\/strong>&nbsp;y se pone en funcionamiento en 1989; en 1990 la de&nbsp;<strong>Contador P\u00fablico Nacional<\/strong>, la cual en 1992 se dicta paralelamente y por \u00fanica vez, en la ciudad de San Luis y se dejan sin efecto las orientaciones de la carrera Licenciatura en Administraci\u00f3n.<\/p>\n<p style=\"text-align: justify;\">En 1991, la Facultad de Ingenier\u00eda y Administraci\u00f3n pasa a denominarse Facultad de Ingenier\u00eda y Ciencias Econ\u00f3mico-Sociales (FICES). En 1993 se inaugura el Bloque I del edificio del Complejo Universitario Villa Mercedes (posteriormente denominado&nbsp;<strong>\u201cCampus Universitario\u201d<\/strong>), en un predio tambi\u00e9n ubicado sobre Ruta Nacional 148 extremo Norte, distante 100 m del edificio de Ciencias Agropecuarias. Desde ese momento, y en dicho complejo, comienza a funcionar el Departamento de Ciencias Econ\u00f3mico-Sociales, dict\u00e1ndose la totalidad de los cursos correspondientes a las carreras de Licenciatura en Trabajo Social, Licenciatura en Administraci\u00f3n y Contador P\u00fablico Nacional.<\/p>\n<p style=\"text-align: justify;\">En 1999 se crea la carrera de&nbsp;<strong>Ingenier\u00eda Industrial<\/strong>&nbsp;en respuesta a demandas concretas del sector industrial regional que reclamaba ingenieros con formaci\u00f3n en gesti\u00f3n para obtener eficacia y eficiencia en la producci\u00f3n de bienes y servicios.<\/p>\n<p style=\"text-align: justify;\">En el a\u00f1o 2001, sobre la base de los recursos existentes y respondiendo a las necesidades de la regi\u00f3n, se crearon las carreras de&nbsp;<strong>Ingenier\u00eda en Alimentos<\/strong>&nbsp;y de&nbsp;<strong>Electr\u00f3nica<\/strong>. Paralelamente,<strong>&nbsp;<\/strong>las mismas se crearon en las Facultades de Qu\u00edmica, Bioqu\u00edmica y Farmacia (FQByF) y la Facultad de Ciencias F\u00edsico Matem\u00e1ticas y Naturales (FCFMyN) de la Universidad Nacional de San Luis, respectivamente.<\/p>\n<p style=\"text-align: justify;\">Debe destacarse asimismo, que la FICES aport\u00f3 esfuerzos significativos en el dictado de carreras cortas que la Universidad implement\u00f3 a trav\u00e9s del Departamento de Ense\u00f1anza Instrumental (DETI). Este Departamento fue creado en el a\u00f1o 1992 a fin de dar respuesta a demandas concretas del medio mediante el ofrecimiento de carreras a t\u00e9rmino, de corta duraci\u00f3n de car\u00e1cter t\u00e9cnico; algunas de ellas dictadas en el interior de la provincia por convenios con municipios. As\u00ed, docentes de la Facultad de Ingenier\u00eda y Ciencias Econ\u00f3mico-Sociales participaron en la formulaci\u00f3n y dictado de los planes de estudios correspondientes a las carreras T\u00e9cnico en Cultivos bajo Riego, T\u00e9cnico Universitario en Jardiner\u00eda y Floricultura, T\u00e9cnico en Maquinaria Agr\u00edcola, T\u00e9cnico Universitario en Mantenimiento Industrial (carrera dependiente de la FICES a partir del a\u00f1o 2003), T\u00e9cnico en Administraci\u00f3n P\u00fablica (egresados de esta carrera pueden realizar la Licenciatura en Administraci\u00f3n P\u00fablica en la FICES). Actualmente, docentes de la Facultad de Ingenier\u00eda y Ciencias Agropecuarias (FICA) colaboran en el dictado de las carreras T\u00e9cnico Universitario en Parques y Jardines y T\u00e9cnico Universitario en Producci\u00f3n de Plantas Arom\u00e1ticas de la Facultad de Turismo y Urbanismo, con sede en la Villa de Merlo.<br>En el a\u00f1o 2007, se crean dos&nbsp;<strong>carreras de pregrado<\/strong>&nbsp;destinadas a la formaci\u00f3n de recursos humanos en \u00e1reas relacionadas a la inform\u00e1tica:&nbsp;<strong>T\u00e9cnico Universitario en Automatizaci\u00f3n Industrial orientaci\u00f3n Inform\u00e1tica<\/strong>&nbsp;y&nbsp;<strong>T\u00e9cnico Universitario en Dise\u00f1o Mec\u00e1nico orientaci\u00f3n Inform\u00e1tica<\/strong>, comenzado su dictado a partir del segundo semestre del 2007.<\/p>\n<p style=\"text-align: justify;\">En 2008 se crea la&nbsp;<strong>Tecnicatura Universitaria en Producci\u00f3n Ap\u00edcola<\/strong>&nbsp;y, en 2009, las carreras de&nbsp;<strong>Abogac\u00eda<\/strong>,&nbsp;<strong>Procurador<\/strong>&nbsp;y&nbsp;<strong>Asistente Jur\u00eddico<\/strong>, las que han sido elaboradas con un criterio innovador que responde a los requerimientos actuales y futuros de las Ciencias Jur\u00eddicas, y que distingue a las mismas de su perfil tradicional, como lo son el derecho de los recursos naturales y protecci\u00f3n del medio ambiente.<\/p>\n<p style=\"text-align: justify;\">En el a\u00f1o 2011 se crea la carrera de&nbsp;<strong>Bromatolog\u00eda<\/strong>&nbsp;con el objeto de dar respuesta al medio respecto a cubrir la demanda de t\u00e9cnicos capacitados en el \u00e1rea y ofrecer una carrera corta de pre-grado con amplia salida laboral. La implementaci\u00f3n de esta carrera en el a\u00f1o 2012 se vio facilitada por la existencia de la carrera de Ingenier\u00eda en Alimentos la cual cuenta con docentes con formaci\u00f3n y experiencia en el \u00e1rea de alimentos.<\/p>\n<p style=\"text-align: justify;\">En el a\u00f1o 2011, mediante Ordenanza CD N\u00b0 15\/11 se crea la carrera&nbsp;<strong>Ingenier\u00eda Mecatr\u00f3nica<\/strong>; en la actualidad se espera su inclusi\u00f3n como terminal de Ingenier\u00eda de acuerdo al Art\u00edculo 53 de la LES.<\/p>\n<p style=\"text-align: justify;\">El 7 de junio de 2012, la Asamblea Universitaria aprob\u00f3 la creaci\u00f3n de nuevas Unidades Acad\u00e9micas en la Universidad Nacional de San Luis. Esta propuesta se fundament\u00f3 en requerimientos institucionales hist\u00f3ricos y demandas de mejor organizaci\u00f3n acad\u00e9mica en raz\u00f3n del creciente desarrollo de la Universidad en los distintos campos disciplinares, educativos y de las demandas sociales de la zona de influencia de nuestra Universidad. La historia institucional refleja que la creaci\u00f3n de nuevas facultades implica la creaci\u00f3n de nuevas condiciones de organizaci\u00f3n que impacten favorablemente en el desarrollo y crecimiento en cada campo del conocimiento. En este sentido, las facultades creadas son: Facultad de Ciencias de la Salud y la Facultad de Psicolog\u00eda (en San Luis), Facultad de Turismo y Urbanismo (en la Villa de Merlo), Facultad de Ingenier\u00eda y Ciencias Agropecuarias (FICA) y Facultad de Ciencias Econ\u00f3micas, Jur\u00eddicas y Sociales (FCEJS). Estas dos \u00faltimas facultades en el Centro Universitario de Villa Mercedes, iniciaron efectivamente sus actividades a partir de septiembre de 2013, y fueron creadas sobre la base de la Facultad de Ingenier\u00eda y Ciencias Econ\u00f3mico-Sociales (FICES) con el objetivo de promover el reordenamiento de \u00e1mbitos acad\u00e9micos existentes y jerarquizar nuevos espacios institucionales, resguardando el grado de desarrollo alcanzado y promoviendo una mayor optimizaci\u00f3n de recursos humanos y cient\u00edficos.<\/p>\n<p style=\"text-align: justify;\">Mediante la Ordenanza CS N\u00b0 37\/12 se establecieron los Departamentos que dependen de la Facultad de Ingenier\u00eda y Ciencias Agropecuarias: Ciencias B\u00e1sicas, Ciencias Agropecuarias, Ingenier\u00eda e Ingenier\u00eda de Procesos.<\/p>\t\t\t\t\t\t\t\t<\/div>\n\t\t\t\t<\/div>\n\t\t\t\t\t<\/div>\n\t\t<\/div>\n\t\t\t\t\t<\/div>\n\t\t<\/section>\n\t\t\t\t<\/div>\n\t\t","protected":false},"excerpt":{"rendered":"<p>HISTORIA DE LA FACULTAD La Facultad de Ingenier\u00eda y Ciencias Agropecuarias (FICA) est\u00e1 situada en la Ciudad de Villa Mercedes, al igual que la Facultad&hellip;<\/p>\n","protected":false},"author":9,"featured_media":0,"parent":0,"menu_order":0,"comment_status":"closed","ping_status":"closed","template":"","meta":{"_monsterinsights_skip_tracking":false,"_monsterinsights_sitenote_active":false,"_monsterinsights_sitenote_note":"","_monsterinsights_sitenote_category":0,"_joinchat":[],"footnotes":""},"class_list":["post-492","page","type-page","status-publish","hentry"],"yoast_head":"<!-- This site is optimized with the Yoast SEO plugin v27.4 - https:\/\/yoast.com\/product\/yoast-seo-wordpress\/ -->\n<title>Historia - Facultad de Ingenier\u00eda y Ciencias Agropecuarias<\/title>\n<meta name=\"robots\" content=\"index, follow, max-snippet:-1, max-image-preview:large, max-video-preview:-1\" \/>\n<link rel=\"canonical\" href=\"https:\/\/www.fica.unsl.edu.ar\/index.php\/historia\/\" \/>\n<meta property=\"og:locale\" content=\"es_ES\" \/>\n<meta property=\"og:type\" content=\"article\" \/>\n<meta property=\"og:title\" content=\"Historia - Facultad de Ingenier\u00eda y Ciencias Agropecuarias\" \/>\n<meta property=\"og:description\" content=\"HISTORIA DE LA FACULTAD La Facultad de Ingenier\u00eda y Ciencias Agropecuarias (FICA) est\u00e1 situada en la Ciudad de Villa Mercedes, al igual que la Facultad&hellip;\" \/>\n<meta property=\"og:url\" content=\"https:\/\/www.fica.unsl.edu.ar\/index.php\/historia\/\" \/>\n<meta property=\"og:site_name\" content=\"Facultad de Ingenier\u00eda y Ciencias Agropecuarias\" \/>\n<meta property=\"article:publisher\" content=\"https:\/\/www.facebook.com\/FICA.UNSL\/\" \/>\n<meta property=\"og:image\" content=\"https:\/\/www.fica.unsl.edu.ar\/wp-content\/uploads\/2021\/03\/LOGO-1.jpg\" \/>\n\t<meta property=\"og:image:width\" content=\"463\" \/>\n\t<meta property=\"og:image:height\" content=\"145\" \/>\n\t<meta property=\"og:image:type\" content=\"image\/jpeg\" \/>\n<meta name=\"twitter:card\" content=\"summary_large_image\" \/>\n<meta name=\"twitter:site\" content=\"@FICAUNSL\" \/>\n<meta name=\"twitter:label1\" content=\"Tiempo de lectura\" \/>\n\t<meta name=\"twitter:data1\" content=\"7 minutos\" \/>\n<script type=\"application\/ld+json\" class=\"yoast-schema-graph\">{\"@context\":\"https:\\\/\\\/schema.org\",\"@graph\":[{\"@type\":\"WebPage\",\"@id\":\"https:\\\/\\\/www.fica.unsl.edu.ar\\\/index.php\\\/historia\\\/\",\"url\":\"https:\\\/\\\/www.fica.unsl.edu.ar\\\/index.php\\\/historia\\\/\",\"name\":\"Historia - Facultad de Ingenier\u00eda y Ciencias Agropecuarias\",\"isPartOf\":{\"@id\":\"https:\\\/\\\/www.fica.unsl.edu.ar\\\/#website\"},\"datePublished\":\"2020-02-05T14:24:40+00:00\",\"inLanguage\":\"es-AR\",\"potentialAction\":[{\"@type\":\"ReadAction\",\"target\":[\"https:\\\/\\\/www.fica.unsl.edu.ar\\\/index.php\\\/historia\\\/\"]}]},{\"@type\":\"WebSite\",\"@id\":\"https:\\\/\\\/www.fica.unsl.edu.ar\\\/#website\",\"url\":\"https:\\\/\\\/www.fica.unsl.edu.ar\\\/\",\"name\":\"Facultad de Ingenier\u00eda y Ciencias Agropecuarias\",\"description\":\"\",\"publisher\":{\"@id\":\"https:\\\/\\\/www.fica.unsl.edu.ar\\\/#organization\"},\"potentialAction\":[{\"@type\":\"SearchAction\",\"target\":{\"@type\":\"EntryPoint\",\"urlTemplate\":\"https:\\\/\\\/www.fica.unsl.edu.ar\\\/?s={search_term_string}\"},\"query-input\":{\"@type\":\"PropertyValueSpecification\",\"valueRequired\":true,\"valueName\":\"search_term_string\"}}],\"inLanguage\":\"es-AR\"},{\"@type\":\"Organization\",\"@id\":\"https:\\\/\\\/www.fica.unsl.edu.ar\\\/#organization\",\"name\":\"Facultad de Ingenier\u00eda y Ciencias Agropecuarias\",\"url\":\"https:\\\/\\\/www.fica.unsl.edu.ar\\\/\",\"logo\":{\"@type\":\"ImageObject\",\"inLanguage\":\"es-AR\",\"@id\":\"https:\\\/\\\/www.fica.unsl.edu.ar\\\/#\\\/schema\\\/logo\\\/image\\\/\",\"url\":\"https:\\\/\\\/www.fica.unsl.edu.ar\\\/wp-content\\\/uploads\\\/2021\\\/03\\\/LOGO-1.jpg\",\"contentUrl\":\"https:\\\/\\\/www.fica.unsl.edu.ar\\\/wp-content\\\/uploads\\\/2021\\\/03\\\/LOGO-1.jpg\",\"width\":463,\"height\":145,\"caption\":\"Facultad de Ingenier\u00eda y Ciencias Agropecuarias\"},\"image\":{\"@id\":\"https:\\\/\\\/www.fica.unsl.edu.ar\\\/#\\\/schema\\\/logo\\\/image\\\/\"},\"sameAs\":[\"https:\\\/\\\/www.facebook.com\\\/FICA.UNSL\\\/\",\"https:\\\/\\\/x.com\\\/FICAUNSL\",\"https:\\\/\\\/www.instagram.com\\\/fica.unsl\\\/\",\"https:\\\/\\\/www.youtube.com\\\/channel\\\/UCs2MM53gb2PyBrMySdtWZDQ\"]}]}<\/script>\n<!-- \/ Yoast SEO plugin. -->","yoast_head_json":{"title":"Historia - Facultad de Ingenier\u00eda y Ciencias Agropecuarias","robots":{"index":"index","follow":"follow","max-snippet":"max-snippet:-1","max-image-preview":"max-image-preview:large","max-video-preview":"max-video-preview:-1"},"canonical":"https:\/\/www.fica.unsl.edu.ar\/index.php\/historia\/","og_locale":"es_ES","og_type":"article","og_title":"Historia - Facultad de Ingenier\u00eda y Ciencias Agropecuarias","og_description":"HISTORIA DE LA FACULTAD La Facultad de Ingenier\u00eda y Ciencias Agropecuarias (FICA) est\u00e1 situada en la Ciudad de Villa Mercedes, al igual que la Facultad&hellip;","og_url":"https:\/\/www.fica.unsl.edu.ar\/index.php\/historia\/","og_site_name":"Facultad de Ingenier\u00eda y Ciencias Agropecuarias","article_publisher":"https:\/\/www.facebook.com\/FICA.UNSL\/","og_image":[{"width":463,"height":145,"url":"https:\/\/www.fica.unsl.edu.ar\/wp-content\/uploads\/2021\/03\/LOGO-1.jpg","type":"image\/jpeg"}],"twitter_card":"summary_large_image","twitter_site":"@FICAUNSL","twitter_misc":{"Tiempo de lectura":"7 minutos"},"schema":{"@context":"https:\/\/schema.org","@graph":[{"@type":"WebPage","@id":"https:\/\/www.fica.unsl.edu.ar\/index.php\/historia\/","url":"https:\/\/www.fica.unsl.edu.ar\/index.php\/historia\/","name":"Historia - Facultad de Ingenier\u00eda y Ciencias Agropecuarias","isPartOf":{"@id":"https:\/\/www.fica.unsl.edu.ar\/#website"},"datePublished":"2020-02-05T14:24:40+00:00","inLanguage":"es-AR","potentialAction":[{"@type":"ReadAction","target":["https:\/\/www.fica.unsl.edu.ar\/index.php\/historia\/"]}]},{"@type":"WebSite","@id":"https:\/\/www.fica.unsl.edu.ar\/#website","url":"https:\/\/www.fica.unsl.edu.ar\/","name":"Facultad de Ingenier\u00eda y Ciencias Agropecuarias","description":"","publisher":{"@id":"https:\/\/www.fica.unsl.edu.ar\/#organization"},"potentialAction":[{"@type":"SearchAction","target":{"@type":"EntryPoint","urlTemplate":"https:\/\/www.fica.unsl.edu.ar\/?s={search_term_string}"},"query-input":{"@type":"PropertyValueSpecification","valueRequired":true,"valueName":"search_term_string"}}],"inLanguage":"es-AR"},{"@type":"Organization","@id":"https:\/\/www.fica.unsl.edu.ar\/#organization","name":"Facultad de Ingenier\u00eda y Ciencias Agropecuarias","url":"https:\/\/www.fica.unsl.edu.ar\/","logo":{"@type":"ImageObject","inLanguage":"es-AR","@id":"https:\/\/www.fica.unsl.edu.ar\/#\/schema\/logo\/image\/","url":"https:\/\/www.fica.unsl.edu.ar\/wp-content\/uploads\/2021\/03\/LOGO-1.jpg","contentUrl":"https:\/\/www.fica.unsl.edu.ar\/wp-content\/uploads\/2021\/03\/LOGO-1.jpg","width":463,"height":145,"caption":"Facultad de Ingenier\u00eda y Ciencias Agropecuarias"},"image":{"@id":"https:\/\/www.fica.unsl.edu.ar\/#\/schema\/logo\/image\/"},"sameAs":["https:\/\/www.facebook.com\/FICA.UNSL\/","https:\/\/x.com\/FICAUNSL","https:\/\/www.instagram.com\/fica.unsl\/","https:\/\/www.youtube.com\/channel\/UCs2MM53gb2PyBrMySdtWZDQ"]}]}},"_links":{"self":[{"href":"https:\/\/www.fica.unsl.edu.ar\/index.php\/wp-json\/wp\/v2\/pages\/492","targetHints":{"allow":["GET"]}}],"collection":[{"href":"https:\/\/www.fica.unsl.edu.ar\/index.php\/wp-json\/wp\/v2\/pages"}],"about":[{"href":"https:\/\/www.fica.unsl.edu.ar\/index.php\/wp-json\/wp\/v2\/types\/page"}],"author":[{"embeddable":true,"href":"https:\/\/www.fica.unsl.edu.ar\/index.php\/wp-json\/wp\/v2\/users\/9"}],"replies":[{"embeddable":true,"href":"https:\/\/www.fica.unsl.edu.ar\/index.php\/wp-json\/wp\/v2\/comments?post=492"}],"version-history":[{"count":0,"href":"https:\/\/www.fica.unsl.edu.ar\/index.php\/wp-json\/wp\/v2\/pages\/492\/revisions"}],"wp:attachment":[{"href":"https:\/\/www.fica.unsl.edu.ar\/index.php\/wp-json\/wp\/v2\/media?parent=492"}],"curies":[{"name":"wp","href":"https:\/\/api.w.org\/{rel}","templated":true}]}}